 of 119636?
False
Does 91 divide 77979?
False
Is 352166 a multiple of 225?
False
Does 106 divide 3245064?
False
Is 639817 a multiple of 12?
False
Is 179 a factor of 1430210?
True
Is 19 a factor of 14345?
True
Is 20 a factor of 21346?
False
Is 3 a factor of 237009?
True
Does 277 divide 452553?
False
Is 39 a factor of 17391933?
True
Does 109 divide 35882?
False
Is 14 a factor of 27944?
True
Is 141 a factor of 158069?
False
Does 138 divide 14134083?
False
Does 661 divide 9489977?
True
Is 732592 a multiple of 62?
True
Is 400 a factor of 4128000?
True
Is 52 a factor of 2616796?
True
Does 5 divide 2790?
True
Is 1271376 a multiple of 218?
True
Is 11 a factor of 45158?
False
Is 43 a factor of 147907?
False
Is 551283 a multiple of 136?
False
Does 28 divide 12397420?
True
Is 322945 a multiple of 35?
True
Does 110 divide 681230?
True
Is 872483 a multiple of 147?
False
Does 28 divide 7361116?
True
Is 54264 a multiple of 136?
True
Is 784 a factor of 1049776?
True
Is 101160 a multiple of 45?
True
Is 281 a factor of 9156947?
True
Does 57 divide 377943?
False
Is 2817443 a multiple of 17?
False
Is 6141 a multiple of 89?
True
Is 10 a factor of 72437?
False
Is 11960 a multiple of 19?
False
Is 159082 a multiple of 10?
False
Is 21 a factor of 8982456?
True
Does 48 divide 769354?
False
Does 44 divide 2403250?
False
Is 30 a factor of 451980?
True
Is 17 a factor of 420567?
False
Is 504396 a multiple of 14?
False
Is 4 a factor of 7988?
True
Is 8 a factor of 442185?
False
Is 1241272 a multiple of 11?
False
Is 3947195 a multiple of 586?
False
Is 101856 a multiple of 4?
True
Is 22 a factor of 37774?
True
Is 2098623 a multiple of 66?
False
Is 77786 a multiple of 112?
False
Does 57 divide 8014428?
True
Does 49 divide 1649?
False
Does 3 divide 70912?
False
Is 293 a factor of 1875493?
True
Does 704 divide 4834368?
True
Does 51 divide 12646863?
False
Does 53 divide 7155053?
True
Is 16 a factor of 71840?
True
Is 3 a factor of 76085?
False
Does 4 divide 64897?
False
Is 85 a factor of 1586080?
False
Does 508 divide 12644293?
False
Is 214792 a multiple of 8?
True
Is 742210 a multiple of 70?
True
Does 50 divide 12527892?
False
Is 117836 a multiple of 662?
True
Is 110770 a multiple of 130?
False
Is 8806986 a multiple of 306?
True
Is 3 a factor of 70010?
False
Is 2017520 a multiple of 513?
False
Does 24 divide 985248?
True
Does 66 divide 8663335?
False
Is 62496 a multiple of 51?
False
Is 918 a factor of 327368?
False
Is 25392 a multiple of 184?
True
Is 11105892 a multiple of 14?
True
Is 1025 a factor of 3515750?
True
Is 204 a factor of 856392?
True
Does 190 divide 4578240?
True
Does 13 divide 520702?
True
Does 146 divide 489684?
True
Does 42 divide 76944?
True
Does 17 divide 15093699?
False
Is 65 a factor of 153700?
False
Is 37 a factor of 129352?
True
Does 252 divide 4817988?
True
Is 21951719 a multiple of 113?
True
Is 223856 a multiple of 17?
True
Does 41 divide 6968278?
True
Does 190 divide 4388249?
False
Is 14 a factor of 90090?
True
Does 10 divide 1245209?
False
Is 88657 a multiple of 39?
False
Is 163 a factor of 690370?
False
Does 6 divide 23628?
True
Is 825675 a multiple of 101?
True
Is 6279665 a multiple of 295?
True
Is 2469863 a multiple of 11?
True
Does 13 divide 2838251?
True
Is 988526 a multiple of 262?
True
Is 168753 even?
False
Is 2623775 a multiple of 517?
True
Is 659060 a multiple of 62?
True
Is 10 a factor of 19760?
True
Is 451828 a multiple of 52?
True
Is 384483 a multiple of 33?
True
Is 224424 a multiple of 36?
True
Is 34 a factor of 6022582?
False
Does 203 divide 5693991?
False
Is 7 a factor of 402766?
True
Is 15 a factor of 73575?
True
Is 55 a factor of 13530?
True
Does 4 divide 593124?
True
Is 37 a factor of 4204046?
False
Does 8 divide 152784?
True
Does 33 divide 83928?
False
Is 1193136 a multiple of 742?
True
Does 294 divide 2132197?
False
Does 70 divide 28508?
False
Does 18 divide 223763?
False
Does 106 divide 766274?
True
Is 172 a factor of 301583?
False
Is 1271482 a multiple of 509?
True
Is 96 a factor of 7292448?
True
Is 163 a factor of 2994279?
False
Is 12 a factor of 655524?
True
Is 4 a factor of 94380?
True
Is 777 a factor of 2737542?
False
Is 40 a factor of 261120?
True
Does 295 divide 4046651?
False
Is 22 a factor of 31592?
True
Does 631 divide 1371163?
True
Does 156 divide 468?
True
Is 89 a factor of 9354879?
True
Is 859 a factor of 754731?
False
Is 474516 a multiple of 84?
True
Is 1040097 a multiple of 3?
True
Is 1373031 a multiple of 3?
True
Is 19028270 a multiple of 2941?
True
Does 99 divide 138591?
False
Is 13 a factor of 22027473?
True
Is 586827 a multiple of 8?
False
Is 1613920 a multiple of 64?
False
Does 154 divide 317240?
True
Is 323 a factor of 59755?
True
Is 955920 a multiple of 105?
True
Is 71 a factor of 1633?
True
Is 91 a factor of 503261?
False
Does 24 divide 8428?
False
Is 1929717 a multiple of 46?
False
Does 126 divide 629496?
True
Is 7 a factor of 1935889?
False
Is 815 a factor of 1203089?
False
Does 88 divide 1856184?
True
Does 28 divide 4358296?
False
Does 29 divide 5072535?
True
Is 250876 a multiple of 116?
False
Does 16 divide 4467808?
True
Is 2212340 a multiple of 254?
True
Does 125 divide 130857?
False
Is 231790 a multiple of 20?
False
Is 68 a factor of 168844?
True
Is 828282 a multiple of 123?
True
Does 4 divide 36724?
True
Does 18 divide 521784?
True
Is 2 a factor of 24483?
False
Does 15 divide 2730?
True
Is 63028 a multiple of 252?
False
Does 45 divide 909315?
True
Is 217062 a multiple of 439?
False
Is 201 a factor of 384915?
True
Does 1353 divide 9465446?
False
Does 227 divide 243929?
False
Is 62 a factor of 78120?
True
Is 12 a factor of 314125?
False
Is 475308 a multiple of 81?
True
Is 433325 a multiple of 7?
False
Is 5 a factor of 108041?
False
Does 188 divide 173524?
True
Is 122017 a multiple of 41?
False
Is 4 a factor of 9971657?
False
Does 46 divide 132618?
True
Is 1198856 a multiple of 329?
False
Does 106 divide 108226?
True
Is 5 a factor of 5650?
True
Does 139 divide 485944?
True
Does 832 divide 20985536?
True
Does 27 divide 1741014?
True
Is 9058709 a multiple of 58?
False
Is 15 a factor of 1701201?
False
Is 319033 a multiple of 230?
False
Is 236 a factor of 846846?
False
Is 56905 a multiple of 143?
False
Is 2373203 a multiple of 43?
False
Is 140700 a multiple of 140?
True
Is 140429 a multiple of 4?
False
Is 11 a factor of 1527416?
True
Does 30 divide 3201300?
True
Does 77 divide 94633?
True
Is 299 a factor of 221260?
True
Is 3181949 a multiple of 7?
False
Is 566571 a multiple of 180?
False
Is 477 a factor of 5500604?
False
Is 12 a factor of 80832?
True
Is 8032367 a multiple of 259?
True
Is 14 a factor of 506744?
True
Does 276 divide 1637914?
False
Is 1364868 a multiple of 60?
False
Does 1328 divide 9921488?
True
Does 7 divide 3775828?
True
Does 789 divide 2934291?
True
Does 131 divide 893?
False
Is 22 a factor of 143506?
True
Is 3 a factor of 1801232?
False
Does 14 divide 660501?
False
Does 334 divide 786904?
True
Is 39 a factor of 31612?
False
Is 7774242 a multiple of 21?
True
Is 11 a factor of 621379?
True
Does 1494 divide 9310608?
True
Is 226982 a multiple of 38?
False
Is 24024 a multiple of 42?
True
Does 15 divide 179957?
False
Does 3 divide 1976375?
False
Is 26 a factor of 134420?
True
Does 117 divide 1721538?
True
Does 21 divide 61346?
False
Does 13 divide 13926211?
True
Is 239 a factor of 145711?
False
Is 27326 a multiple of 15?
False
Is 21 a factor of 21809?
False
Is 775 a factor of 3271275?
True
Is 101238 a multiple of 30?
False
Is 32543 a multiple of 7?
True
Is 160489 a multiple of 232?
False
Is 622170 a multiple of 30?
True
Is 30 a factor of 1953071?
False
Is 17130 a multiple of 10?
True
Does 9 divide 1262773?
False
Is 4532398 a multiple of 47?
True
Is 974655 a multiple of 179?
True
Is 4 a factor of 107692?
True
Does 14 divide 16744?
True
Does 161 divide 4054582?
False
Is 124 a factor of 663028?
True
Does 726 divide 17382618?
True
Does 44 divide 104147?
False
Is 241488 a multiple of 144?
True
Is 13 a factor of 438142?
False
Does 9 divide 1069866?
True
Is 70987 a multiple of 7?
True
Is 1082 a factor of 742959?
False
Does 58 divide 985286?
False
Does 105 divide 847560?
True
Does 90 divide 638232?
False
Does 878 divide 2100118?
False
Is 5 a factor of 295235?
True
Is 152 a factor of 697675?
False
Is 10